hat is the hundreds digit of k(-9)?
3
Let z = -63 - -118. Suppose 5*s - 460 = -z. What is the units digit of s?
1
Suppose -29810 = -19*m + 14327. What is the units digit of m?
3
Let k(v) = 124*v**2 + 3*v + 10. What is the thousands digit of k(-3)?
1
Let z(f) = 3*f**3 + 18*f**2 + 15*f + 36. Let l(s) = -5*s**3 - 27*s**2 - 22*s - 54. Let n(c) = 5*l(c) + 8*z(c). What is the units digit of n(10)?
8
Let g = 33 + 1. Suppose 20*b + 4424 = g*b. What is the tens digit of b?
1
Let p(z) = z**3 - 5*z**2 - 12*z + 14. Let j be 5/(10/22) - 3 - 0. What is the tens digit of p(j)?
1
Let q be (622/(-6))/(2/(-18)). Suppose 0 = 5*z + 3*y + 42 + q, 3*z - 4*y + 614 = 0. What is the tens digit of (-60)/(-18)*z/(-10)?
6
Let b be (-96)/(-60) + (-2)/(-5). Suppose 0 = 5*o - d - 461, -198 = b*o - 4*o - 3*d. What is the units digit of o?
3
Suppose 3*p - 57 = 18. Let i be 1*-5*(-20)/p. Suppose -i*k + 11 + 1 = 0. What is the units digit of k?
3
Let q(s) = s**2 + 4*s - 2. Let i be q(-5). Suppose 0 = 3*t - 2*o - 343, -2*t - i*o - 2*o = -254. What is the tens digit of t?
1
Suppose -24*c - 449 + 3065 = 0. What is the tens digit of c?
0
Suppose -2*l - d - d = -4, -3*d - 6 = l. What is the units digit of l/(-18)*(-1 + -68)?
3
Let p(q) = -q**3 + 5*q**2 + 4*q - 3. Let i be p(6). Let j = i - -33. What is the units digit of (-21)/j*-2*3?
7
Suppose -5*k - 546 = -1426. Suppose c - 252 = -4*i + k, 2*c - 316 = -3*i. What is the units digit of i?
8
Let n = 1850 + -626. What is the units digit of n?
4
What is the thousands digit of 6602*(19/46 + (-6)/(-69))?
3
Let m(c) = 18*c**2 + 7*c - 3. What is the units digit of m(5)?
2
Suppose 4*h - 63 = 13. Suppose 3*i + h = p + 1, 4*p - 56 = 4*i. What is the tens digit of p?
1
Let f(d) be the first derivative of d**3/3 + d**2/2 - d + 1. Suppose -3*i - i = -2*a + 20, 19 = -i - 3*a. What is the units digit of f(i)?
1
Let k = -972 - -2123. What is the units digit of k?
1
Let v = 478 + 63. Suppose 4*k + n = v, 3*k - n = n + 414. What is the tens digit of k?
3
What is the units digit of (9 + 2)*99 + 5?
4
What is the tens digit of (35/14*-1)/(1/(-998))?
9
What is the units digit of (-42070)/20*(-8)/14?
2
Let m(t) = -t**2 + 121*t + 154. What is the hundreds digit of m(64)?
8
Let b(q) = q**2 + 9*q + 8. Let o be b(-9). Suppose o = 5*d + 4*h, -5 = -4*h - 17. What is the units digit of d/(8/(-6) + 2)?
6
Let r = -358 + 628. What is the tens digit of r?
7
Suppose 0 = 2*m - 3*m + 2. Suppose g = m*g - 45. What is the tens digit of g?
4
What is the tens digit of ((-2631)/(-2))/(1*3/2)?
7
Let h(t) = t**3 - 2*t**2 - 6*t - 3. Let x be h(4). Suppose -x = -l - 0. What is the units digit of l?
5
Let w(i) = i - 5. Let h be 15 - 3/((-6)/(-8)). Let t be w(h). Suppose t*f - 570 = -144. What is the tens digit of f?
7
Let h = -234 + 575. What is the tens digit of h?
4
Let k = -18 + 3. Let b = k + 16. Suppose 57 = 2*a + b. What is the tens digit of a?
2
Let f(k) = 40*k**2 - 12*k + 132. What is the tens digit of f(6)?
0
Suppose -4*l - 5*d = -d - 12, -3 = -4*l - d. Suppose -87*t + 84*t + 171 = l. What is the tens digit of t?
5
Let t = -85 + 86. Let p(o) = 87*o**3 - o**2 - o. What is the units digit of p(t)?
5
Suppose 10*o = 13*o + 3. What is the units digit of o/((-4)/(-172)*-1)?
3
Let l(b) be the third derivative of -b**5/60 + 17*b**4/24 - b**3/3 + 15*b**2. What is the tens digit of l(11)?
6
Let a(x) = x**2 + 34*x - 43. What is the units digit of a(19)?
4
Let a be 0/(-1*(0 - -2 - 3)). Suppose 2*h + 5*c - 73 = a, -3*h + 3*c - c + 81 = 0. What is the units digit of h?
9
Let a(s) = 364*s + 41. What is the tens digit of a(2)?
6
What is the units digit of (-1 - -3) + (-5 - -3) + 125?
5
Let a = 155 - 25. What is the units digit of a?
0
Let y be 5 - (-4)/(-5)*5/(-2). Suppose 0 = 9*f - 10*f + y. What is the units digit of f?
7
Let x(k) = k**2 - 19*k - 16. Let h be x(23). What is the units digit of 1*h + (-15)/5?
3
Let k(r) be the second derivative of -r**5/10 - r**4/3 - r**3/3 - 5*r**2 + 8*r. Let w be k(-5). Suppose -4*i = -i - w. What is the tens digit of i?
5
Let s(f) = 4*f - 18. Let a(u) = u. Let q(h) = -3*a(h) + s(h). Let v be q(7). Let z(j) = -j**2 - 13*j - 10. What is the units digit of z(v)?
2
Suppose 52 = 3*j - 32. Let a be (-8)/j + 16/7. Suppose 0*o = o + a*w - 1, -5*o + 80 = -5*w. What is the tens digit of o?
1
Let a(w) = -3*w**2 - 9*w + 9. Let f be a(6). Let p = -57 - f. What is the units digit of p?
6
Let b = 1280 - 592. What is the units digit of b?
8
Let p(i) = 2*i + 3. Let a be p(0). Suppose 2*v = 3*d - 9, -a*d + 12 = d - 4*v. Suppose -39 = -4*z - d. What is the units digit of z?
9
Suppose 0 = -3*k - 3, -4*k + 517 = -27*t + 28*t. What is the tens digit of t?
2
Let y(p) = -25*p + 5. Let s be y(5). Let r = s + 170. Suppose b + b = r. What is the tens digit of b?
2
Suppose -15 = -8*n + 5*n. Suppose 5*r = -4*x + 24, -1 = -n*x + 5*r + 29. Suppose 5*g = -4*i + 65, x*i = 4*g + i - 93. What is the tens digit of g?
1
Suppose -3*z = -q - 4*q + 3, 2*z = 4*q - 2. Let n(f) = -7*f**3 - 2*f**2 - f. What is the units digit of n(z)?
6
Let o(z) = -5*z**3 - 3*z**2 - 2*z + 19. What is the tens digit of o(-7)?
0
Suppose 0 = -t + 1 - 4. Let f be t/1 - (-11 - -6). What is the units digit of -2*(1 - f)*6?
2
Suppose -73*p + 49*p + 29472 = 0. What is the tens digit of p?
2
Suppose -115 = -9*t + 4*t. Suppose 73 = p + t. What is the units digit of p?
0
Suppose -5399 = -13*c + 1894. What is the tens digit of c?
6
Suppose 5*m - 333 = 427. What is the hundreds digit of m?
1
Let l(n) = n + 25. Let k be l(-9). What is the tens digit of (3 - 292/k - 3)*-4?
7
Let w(t) = t**2 - 4*t + 1. Let d be w(5). Suppose -d = -4*h + 3*h - 2*z, -20 = 2*h - 4*z. What is the tens digit of 11 - (h + 2 + -2)?
1
Suppose 0 = -0*s - 21*s + 2079. What is the units digit of s?
9
Suppose -119 = -4*m - z + 423, 4*z = -3*m + 400. What is the tens digit of (-2)/((-2)/m*2)?
6
Suppose 2*t + t = -m + 237, -2*m = t - 484. Suppose -r = 5*h + 88 - m, 5*r = -4*h + 145. Suppose -h*o - 4 = -31*o. What is the units digit of o?
4
Let a be (48/(-28))/((-10)/35). What is the tens digit of 4 + -1*a - -55?
5
Suppose 13*l - 8*l - 12530 = 0. Let a be 1/4 - l/(-56). Let j = -12 + a. What is the units digit of j?
3
Let s(b) = -b - 21. Let u be s(-9). Let k = 33 + u. What is the tens digit of k?
2
Let y = 95 - 94. What is the units digit of (16 - 15)/(2*y/2)?
1
Let u be 2/4 + (-22)/(-4). Suppose u*x - x = 20. Suppose 0 = w + w - 3*t - 31, -x*w = -5*t - 67. What is the units digit of w?
3
Suppose 0 = 38*u - 41*u + 72. Let a(n) = -11*n - 4. Let m be a(-4). Let z = m - u. What is the units digit of z?
6
Let o = 29 + -29. Suppose 5*f - 715 - 95 = o. What is the hundreds digit of f?
1
Suppose 2*v + 38*c = 43*c + 3645, 2*c - 7254 = -4*v. What is the thousands digit of v?
1
Suppose 4*o + 595 = v, -v = -5*v + o + 2410. What is the hundreds digit of v?
6
Let a(w) = 4 + 0 + 6*w - 5*w - w**2. Let n be a(-2). Let v = n - -6. What is the units digit of v?
4
Let s(p) = -49*p - 5. Let d be s(-4). Let f = d - 125. Suppose -4*x + 24 = w - 33, -4*x + f = -2*w. What is the tens digit of x?
1
Suppose -446*l + 456*l = 19500. What is the tens digit of l?
5
Let n be 10/2*266/70. Suppose -l - 16 = 3*d + n, 10 = -2*l. Let g = -7 - d. What is the units digit of g?
3
Let b be 3/(-5) - (-144)/(-10). Let n be b/(-12)*(-16)/(-4). Suppose -9*s = -n*s - 188. What is the tens digit of s?
4
Suppose -m - 5*n + 1322 = 387, 0 = -2*m + 4*n + 1856. Suppose 0*d - m = -5*d - v, -186 = -d - 3*v. What is the hundreds digit of d?
1
Let k be 104*(1 + -4 - -4). Let i = k - -83. Suppose -3*v - 5*q = -125, -2*v - 3*q + i = 3*v. What is the units digit of v?
5
Suppose 0 = 2*x - 6*x - 3*i - 37, 5*x + 55 = -2*i. Let g be x/(-78) - 43/6. What is the units digit of 56/((-7)/(g/2))?
8
Let r be 700 - ((-2)/(4/4) + 1). Suppose -4*f + r = -f + 5*s, -943 = -4*f - 5*s. What is the hundreds digit of f?
2
Suppose -354 = -2*w + 3*u + 2209, -5*w + 2*u + 6391 = 0. What is the units digit of w?
7
Suppose -3*g = 4*z - 5532, 4*g + 4174 = -5*z + 8*z. What is the hundreds digit of z?
3
Suppose -6*s + 2*s = 0. Suppose s = 3*c - c - 8. Let j(r) = r**3 - r**2 - 6*r + 3. What is the tens digit of j(c)?
2
Let y(x) = 8*x**2 + 2*x + 1. Let v be y(-1). Suppose -v*j + 3*j = -24. Suppose -111 = -j*m + 51. What is the tens digi